{"id":3575,"date":"2019-03-29T21:37:25","date_gmt":"2019-03-30T04:37:25","guid":{"rendered":"http:\/\/plgo.org\/?page_id=3575"},"modified":"2019-04-11T12:38:11","modified_gmt":"2019-04-11T19:38:11","slug":"definiciones-clasicas","status":"publish","type":"page","link":"http:\/\/plgo.org\/?page_id=3575","title":{"rendered":"Classical Definitions."},"content":{"rendered":"<h2>Classical Definitions.<\/h2>\n<p>Moehler [M\u00f6hler]. <a href=\"http:\/\/plgo.org\/?page_id=3579\" target=\"_blank\" rel=\"noopener noreferrer\">De la d\u00e9nomination de P\u00e8res de l&#8217;Eglise. Diff\u00e9rences entre les \u00e9crivains eccl\u00e9siastiques. Division<\/a>. In: <strong><em>La Patrologie, ou histoire litt\u00e9raire des trois premiers si\u00e8cles de l&#8217;\u00c9glise Chr\u00e9tienne; Oeuvre posthume de J.-A. Moehler. Publi\u00e9e par F.-X. Reithmayer, pp. 16-22. <\/em><\/strong><strong>Paris, Deb\u00e9court, Libraire-\u00c9diteur. 1843.<\/strong><\/p>\n<p>Bardenhewer. <a href=\"http:\/\/plgo.org\/?page_id=712\" target=\"_blank\" rel=\"noopener noreferrer\">Notion and Purpose of Patrology<\/a>. In: <strong>\u2018Patrology\u2019. <em>The lives and works of the Fathers of the Church<\/em>.\u00a0<em>Translated from the second edition by Thomas J. Shanan.\u00a0<\/em>\u2018Introduction\u2019, \u00a7 I, pp. 1\u20107. B. Herder. Freiburg im Breisgau and St. Louis, Mo. 1908.<\/strong><\/p>\n<p>Bardenhewer. <a href=\"http:\/\/plgo.org\/?page_id=771\" target=\"_blank\" rel=\"noopener noreferrer\">History and Literature of Patrology<\/a>. In: <strong>\u2018Patrology\u2019. <em>The lives and works of the Fathers of the Church<\/em>.\u00a0<em>Translated from the second edition by Thomas J. Shanan.\u00a0<\/em>\u2018Introduction\u2019, \u00a7 I, pp. 7\u201011. B. Herder. Freiburg im Breisgau and St. Louis, Mo. 1908.<\/strong><\/p>\n<p>Hamman. <a href=\"http:\/\/plgo.org\/?page_id=3594\" target=\"_blank\" rel=\"noopener noreferrer\">Les pierres de l\u2019\u00c9glise<\/a>.<strong> In: <em>Dictionnaire des P\u00e8res de l\u2019\u00c9glise<\/em>. Collection \u2018Les P\u00e9res dans la foi\u2019, pp. 213-217. DDB. 1977.<\/strong><\/p>\n<p>Quasten. <a href=\"http:\/\/plgo.org\/?page_id=696\" target=\"_blank\" rel=\"noopener noreferrer\">The concept and history of Patrology<\/a>. In: <strong><em>PATROLOGY, Volume I. The Beginnings of Patristic Literature From the Apostles Creed to Irenaeus.<\/em><\/strong> <strong>Introduction, pp. 1-5. <em>Christian Classics<\/em>, Allen, Tx. No year available.<\/strong><\/p>\n<p>Quasten. <a href=\"http:\/\/plgo.org\/?page_id=705\" target=\"_blank\" rel=\"noopener noreferrer\">The \u2018Fathers\u2019 of the Church<\/a>. In: <strong><em>PATROLOGY, Volume I. The Beginnings of Patristic Literature From the Apostles Creed to Irenaeus.<\/em><\/strong> <strong>Introduction, pp. 9-12.<\/strong> <strong><em>Christian Classics<\/em>, Allen, Tx. No year available.<\/strong><\/p>\n<p>&nbsp;<\/p>\n","protected":false},"excerpt":{"rendered":"Classical Definitions. Moehler [M\u00f6hler]. De la d\u00e9nomination de P\u00e8res de l&#8217;Eglise. Diff\u00e9rences entre les \u00e9crivains eccl\u00e9siastiques. Division. In: La Patrologie, ou histoire litt\u00e9raire des trois premiers si\u00e8cles de l&#8217;\u00c9glise Chr\u00e9tienne; Oeuvre posthume de J.-A. Moehler. Publi\u00e9e par F.-X. Reithmayer, pp. 16-22. Paris, Deb\u00e9court, Libraire-\u00c9diteur. 1843. Bardenhewer. Notion and Purpose of&hellip;\n","protected":false},"author":2,"featured_media":0,"parent":618,"menu_order":10,"comment_status":"closed","ping_status":"closed","template":"","meta":{"footnotes":""},"class_list":["post-3575","page","type-page","status-publish","hentry"],"_links":{"self":[{"href":"http:\/\/plgo.org\/index.php?rest_route=\/wp\/v2\/pages\/3575","targetHints":{"allow":["GET"]}}],"collection":[{"href":"http:\/\/plgo.org\/index.php?rest_route=\/wp\/v2\/pages"}],"about":[{"href":"http:\/\/plgo.org\/index.php?rest_route=\/wp\/v2\/types\/page"}],"author":[{"embeddable":true,"href":"http:\/\/plgo.org\/index.php?rest_route=\/wp\/v2\/users\/2"}],"replies":[{"embeddable":true,"href":"http:\/\/plgo.org\/index.php?rest_route=%2Fwp%2Fv2%2Fcomments&post=3575"}],"version-history":[{"count":7,"href":"http:\/\/plgo.org\/index.php?rest_route=\/wp\/v2\/pages\/3575\/revisions"}],"predecessor-version":[{"id":3629,"href":"http:\/\/plgo.org\/index.php?rest_route=\/wp\/v2\/pages\/3575\/revisions\/3629"}],"up":[{"embeddable":true,"href":"http:\/\/plgo.org\/index.php?rest_route=\/wp\/v2\/pages\/618"}],"wp:attachment":[{"href":"http:\/\/plgo.org\/index.php?rest_route=%2Fwp%2Fv2%2Fmedia&parent=3575"}],"curies":[{"name":"wp","href":"https:\/\/api.w.org\/{rel}","templated":true}]}}