{"id":645,"date":"2009-08-31T11:18:31","date_gmt":"2009-08-31T18:18:31","guid":{"rendered":"http:\/\/plgo.info\/?page_id=645"},"modified":"2011-09-07T22:47:27","modified_gmt":"2011-09-08T05:47:27","slug":"garnier-freres","status":"publish","type":"page","link":"http:\/\/plgo.org\/?page_id=645","title":{"rendered":"Garnier Fr\u00e9res."},"content":{"rendered":"<blockquote>\n<p style=\"text-align: justify\"><strong>GARNIER (Auguste et Hippolyte)<\/strong>, dits Garnier fr\u00e8res, \u00e9diteurs fran\u00e7ais, n\u00e9s a Tourville, pr\u00e8s de Coutances, le premier en 1812, le second en 1816, vinrent \u00e0 Paris en 1828, furent quelque temps commis libraires et s\u2019\u00e9tablirent en 1833 au Palais-Royal. Bient\u00f4t acqu\u00e9reurs de divers fonds, tels que ceux de Delloye (l841), de Dubochet (1848) et de Salva (1849), et plus tard du fonds Langlois-Leclercq (1859), ils tent\u00e8rent, \u00e0 plusieurs reprises, des formats nouveaux et des collections \u00e0 bon march\u00e9. Ils exploit\u00e8rent d\u2019abord sp\u00e9cialement la litt\u00e9rature l\u00e9g\u00e8re et les actualit\u00e9s. Quelques-unes de leurs publications, produites au milieu du mouvement r\u00e9volutionnaire de 1848 et 1849, comme la V\u00e9rit\u00e9 aux Ouvriers, aux Paysans et aux Soldats, ont atteint les chiffres, jusqu\u2019alors inconnus en librairie, de 5 et 600 000 exemplaires. En 1858, la publication du livre de Proudhon, la Justice dans la R\u00e9volution et dans l\u2019Eglise, leur attira une condamnation \u00e0 la prison et \u00e0 l\u2019amende. Ils ont abord\u00e9 depuis les grandes collections litt\u00e9raires, notamment celle des Chefs d\u2019\u0153uvre de la litt\u00e9rature fran\u00e7aise, en deux formats, et celle des principaux \u00e9crivains du XVIIIe si\u00e8cle, Voltaire, Diderot, la Correspondance litt\u00e9raire de Grimm, etc. Comme publications classiques, ils ont r\u00e9imprim\u00e9, en grande partie, la vaste collection des traductions des Auteurs latins de Panckoucke, dont ils sont devenus propri\u00e9taires en 1854. Ils ont aussi entrepris une s\u00e9rie de Dictionnaires portatifs des langues anciennes et modernes dans le format in-32. \u2013 Le plus jeune fr\u00e8re de ces \u00e9diteurs, M. Baptiste-Louis GARNIER, fix\u00e9 depuis 1888* au Br\u00e9sil, dirigeait leur principale maison de correspondance \u00e0 l\u2019\u00e9tranger, dont il devint ensuite le propri\u00e9taire.<\/p>\n<p style=\"text-align: justify\">Source : Gustave Vapereau, Dictionnaire Universel des Contemporains contenant Toutes les Personnes Notables de la France et des Pays \u00c9trangers. Cinqui\u00e8me \u00e9dition enti\u00e8rement refondue et consid\u00e9rablement augment\u00e9e. Paris, Librairie Hachette et Cie. 1880. p. 778.<\/p>\n<p style=\"text-align: justify\">* Sic. Se trata evidententemente de un error, Laurence Hallewell en su libro \u2018Books in Brazil\u2019 escribe : \u201cBaptiste Louis, after going to school in Coutance (Normandy), worked for his brothers until 1844, when he \u2018decided to go out to Brazil, confident that in a new and ambitious country there would be ample prospects for developing a business in bookselling\u2019. He arrived in Rio de Janeiro on June 24th 1844, having travelled on the Stanislas, in the company of Camille Cl\u00e9au, a bastard of the Duc de Berry (second son of King Charles X) who, as Frei Camillo de Monserrate, was to direct the National Library from 1853 until his death seventeen years later.\u201d N. del Trans.<\/p>\n<p style=\"text-align: justify\">\n<p style=\"text-align: center\"><strong>Transcripci\u00f3n: Francisco Arriaga. M\u00e9xico, Frontera Norte. 03 Septiembre 2009.<\/strong><\/p>\n<p style=\"text-align: center\"><strong> <\/strong><\/p>\n<\/blockquote>\n<p style=\"text-align: center\">***<\/p>\n<p style=\"text-align: center\">\n<blockquote>\n<p style=\"text-align: justify\"><strong>La librairie Garnier Fr\u00e8res<\/strong>, install\u00e9e depuis 1852 dans le c\u00e9l\u00e8bre h\u00f4tel du Gouvernement de Paris, 6 rue des Saints P\u00e8res, avait acquis, Avenue du Maine, le fonds de commerce de l\u2019Abb\u00e9 Migne, sa maison d\u2019\u00e9dition et le terrain attenant d\u00e9truits par un incendie en 1868. Garnier fait construire un \u00e9norme \u00e9difice destin\u00e9 \u00e0 stocker ses productions. L\u00e0 s\u2019installent les r\u00e9dacteurs qui b\u00e9n\u00e9ficient de la pr\u00e9sence f\u00e9minine de \u00ab Lolot \u00bb, la fille du concierge de l\u2019immeuble.<\/p>\n<p style=\"text-align: justify\">\n<blockquote>\n<p style=\"text-align: justify\">A la manera de Madel\u00f3n, la hero\u00edna de la cancioneta militar, de tener cantina es probable que hubiera hecho feliz a un regimiento. Limitada a una porter\u00eda, se contentaba con la redacci\u00f3n del diccionario. Discreta, sin embargo, nos saludaba por igual a todos; \u00fanicamente luego este o el otro redactor recib\u00eda un recadito por el mozo de cuadra, avisando que un se\u00f1or deseaba verle y estaba esper\u00e1ndole afuera. El interesado bajaba, y en lugar de un se\u00f1or, encontraba a la porterita de ojos virginales. (L\u00f3pez, 1927 : 151)<\/p>\n<\/blockquote>\n<p style=\"text-align: justify\">Cet extrait d\u00e9peint l\u2019atmosph\u00e8re qui r\u00e9gnait dans la salle de r\u00e9daction. A c\u00f4t\u00e9 de personnes s\u00e9rieuses (les directeurs et le commandant Prieto), une certaine frivolit\u00e9 transparaissait. Les horaires \u00e9taient assez \u00e9lastiques et certains, aux dires de L\u00f3pez Lapuya, venaient l\u00e0 non seulement par amour de la lexicographie, mais pour rechercher un peu de conversation entre compatriotes, et surtout pour le salaire (\u00ab Garnier pagaba [un franco por hora] para hacer el Diccionario Enciclop\u00e9dico. \u00bb Bonafoux, 1907 : 225)<\/p>\n<p style=\"text-align: justify\">Source : Denise FISCHER HUBERT. &#8220;<em>La publication d\u2019un dictionnaire encyclop\u00e9dique espagnol \u00e0 Paris \u00e0 la fin du XIXe si\u00e8cle: le Diccionario Enciclop\u00e9dico de Garnier Fr\u00e8res<\/em>&#8220;, <strong>&#8216;4. Le local de la r\u00e9daction.&#8217;<\/strong> En &#8216;La cultura del otro: espa\u00f1ol en Francia, franc\u00e9s en Espa\u00f1a. <a href=\"http:\/\/www.culturadelotro.us.es\/actasehfi\/pdf\/3fischer.pdf\">Actas<\/a>.&#8217; Sevilla, Espa\u00f1a. 2006. p. 494.<\/p>\n<\/blockquote>\n<p style=\"text-align: center;\">\n<p style=\"text-align: center;\">***<\/p>\n<p style=\"text-align: center;\">\n<blockquote>\n<p style=\"text-align: justify\"><strong>DES \u00c9DITIONS GARNIER AUX \u00c9DITIONS CLASSIQUES GARNIER: 1833-2008<\/strong><\/p>\n<p style=\"text-align: justify;\">En 1833, Auguste et Hippolyte Garnier, originaires de la Manche, ouvrent sous les arcades du Palais-Royal, alors l&#8217;un des centres les plus anim\u00e9s de la capitale, une librairie dans la tradition des libraires-\u00e9diteurs du XIXe si\u00e8cle. Ils sont bient\u00f4t rejoints par un autre de leurs fr\u00e8res, Pierre. Tr\u00e8s vite, l&#8217;\u00e9tablissement prosp\u00e8re et les fr\u00e8res Garnier rach\u00e8tent les fonds de Delloye, Dubochet et Salvat, \u00e9diteurs des grands \u00e9crivains romantiques, puis le fonds classique de Panckoucke. Ils se lient avec Sainte-Beuve, Musset, Gautier, Sand, Vigny, dont ils \u00e9ditent certaines \u0153uvres.<\/p>\n<p style=\"text-align: justify;\">La Maison Garnier Fr\u00e8res gagne encore en prestige en s&#8217;installant, en 1853, dans l&#8217;ancien h\u00f4tel du gouvernement, \u00e0 l&#8217;angle de la rue de Lille et de la rue des Saints-P\u00e8res. Les fr\u00e8res Garnier travaillent \u00e0 diversifier et \u00e0 am\u00e9liorer leur catalogue. Ils publient de nombreux dictionnaires, des ouvrages de vulgarisation, des livres pour la jeunesse et ils poursuivent leurs publications litt\u00e9raires: collections de classiques latins et grecs et \u0153uvres modernes (les Causeries du lundi de Sainte-Beuve, la Correspondance de Grimm, les \u0152uvres compl\u00e8tes de Chateaubriand&#8230;).<\/p>\n<p style=\"text-align: justify;\">C&#8217;est en 1896 que les premiers \u00abClassiques Garnier\u00bb apparaissent, issus d&#8217;une fusion des collections \u00abClassiques latins\u00bb, \u00abClassiques grecs\u00bb et \u00abBiblioth\u00e8que choisie\u00bb.<br \/>\nLa nouvelle collection propose, selon la formule du catalogue, les \u00abmeilleurs ouvrages fran\u00e7ais et \u00e9trangers, anciens et modernes \u00e0 prix modiques\u00bb. C&#8217;est une r\u00e9ussite o\u00f9 l&#8217;on trouve, d\u00e8s lors, de nombreuses r\u00e9f\u00e9rences aux  \u00abClassiques Garnier\u00bb dans la litt\u00e9rature autobiographique.<br \/>\nC&#8217;est ainsi que Jean Giono se souvient qu&#8217;il recevait deux francs par dimanche et que &#8220;les Anatole France co\u00fbtaient trois francs cinquante chez Calmann-L\u00e9vy, Euripide, Eschyle, Sophocle, Aristophane, Virgile, co\u00fbtaient 0,95 F. dans les Classiques Garnier. Avec mes deux francs, j&#8217;avais deux de ces gens-l\u00e0 et il me restait deux sous. Avec les deux sous je timbrais ma lettre, car il n&#8217;y avait pas de libraires \u00e0 Manosque et je commandais directement \u00e0 Paris. On doit avoir chez Garnier une belle s\u00e9rie de ces lettres de 1911 jusqu&#8217;\u00e0 la guerre de 1914.&#8221; (Jean Giono, De Hom\u00e8re \u00e0 Machiavel)\n<\/p>\n<p style=\"text-align: justify;\">D\u00e8s le d\u00e9but de la collection le jaune s&#8217;impose pour la couverture: un papier jaune d&#8217;abord, qui tire parfois vers l&#8217;ocre ou le beige, un papier imprim\u00e9 en jaune ensuite. Avec l&#8217;arriv\u00e9e des illustrations en couverture dans les ann\u00e9es 1960 (d&#8217;abord sous forme de jaquettes), le jaune, recouvert d&#8217;un pelliculage devient plus brillant, plus lumineux: le jaune \u00abGarnier\u00bb que tout le monde conna\u00eet.<\/p>\n<p style=\"text-align: justify;\">Progressivement, durant le XXe si\u00e8cle, le principe de l&#8217;\u00e9dition savante prend le pas sur celui de l&#8217;\u00e9dition \u00e0 prix modique si bien qu&#8217;un accord sera pass\u00e9 avec Flammarion, dans les ann\u00e9es 1960, pour exploiter au prix du poche les \u00abClassiques Garnier\u00bb d\u00e9lest\u00e9s de leur appareil critique. C&#8217;est la cr\u00e9ation de Garnier Flammarion, qui devient autonome en 1979, sous la marque GF Flammarion.<\/p>\n<p style=\"text-align: justify;\">Lorsque les \u00c9ditions Garnier Fr\u00e8res d\u00e9posent leur bilan en juin 1983, le fonds est repris par Les Presses de la Cit\u00e9. La collection \u00abjaune\u00bb rassemble alors quelques deux cents titres con\u00e7us selon des principes \u00e9ditoriaux qui n&#8217;ont pratiquement pas \u00e9t\u00e9 modifi\u00e9s depuis lors:<\/p>\n<ul style=\"text-align: justify;\">\n<li style=\"text-align: justify\"> &#8211; un catalogue constitu\u00e9 des \u0153uvres fondamentales des grandes litt\u00e9ratures europ\u00e9ennes,<\/li>\n<li style=\"text-align: justify\">&#8211; des \u00e9ditions assur\u00e9es par les meilleurs sp\u00e9cialistes,<\/li>\n<li style=\"text-align: justify\">&#8211; un \u00e9tablissement de texte impeccable,<\/li>\n<li style=\"text-align: justify\">&#8211; des appareils critiques de premier ordre,<\/li>\n<li style=\"text-align: justify\">&#8211; une pr\u00e9sentation claire et soign\u00e9e.<\/li>\n<\/ul>\n<p style=\"text-align: justify;\">\n<p style=\"text-align: justify;\">InfoM\u00e9dia acquiert la collection en 1998 avec pour premier souci d&#8217;assurer la p\u00e9rennit\u00e9 des principes \u00e9ditoriaux qui ont fait depuis plus d&#8217;un si\u00e8cle la renomm\u00e9e des  \u00abClassiques Garnier\u00bb.<\/p>\n<p style=\"text-align: justify;\">Les Classiques Garnier sont exploit\u00e9s depuis 2008 par les \u00c9ditions Champion \u00c9lectronique. Sous la direction \u00e9ditoriale de Claude Blum, Classiques Garnier devient une maison d&#8217;\u00e9dition r\u00e9solument moderne, sp\u00e9cialis\u00e9e en litt\u00e9rature et en sciences humaines, qui publie sur trois supports: grand format, format \u00e9lectronique et poche.<br \/>\nLes deux premiers titres parus dans les nouveaux Classiques Garnier\/Poche, Th\u00e9ophile de Viau, \u0152uvres po\u00e9tiques et Voltaire, Dictionnaire philosophique, ont \u00e9t\u00e9 mis au programme des Agr\u00e9gations des Lettres pour l&#8217;ann\u00e9e 2008-2009.<br \/>\nDans le m\u00eame temps une co-\u00e9dition des Classiques Garnier avec le journal Le Monde permet de diffuser aupr\u00e8s du grand public, durant 25 semaines, entre septembre 2008 et f\u00e9vrier 2009, l&#8217;int\u00e9grale de La Com\u00e9die Humaine de Balzac pr\u00e9sent\u00e9e et annot\u00e9e par les meilleurs sp\u00e9cialistes.\n<\/p>\n<p style=\"text-align: justify;\">\n<p style=\"text-align: justify;\"><strong>Source: \u00c9ditions Classiques Garnier, &#8216;<a title=\"DES \u00c9DITIONS GARNIER AUX \u00c9DITIONS CLASSIQUES GARNIER: 1833-2008\" href=\"http:\/\/www.classiques-garnier.com\/editions\/index.php?option=com_content&amp;view=article&amp;id=6%3Anotre-maison&amp;catid=1%3Aaccueil&amp;Itemid=1\" target=\"_blank\">Notre maison<\/a>&#8216;.<\/strong><\/p>\n<\/blockquote>\n<p style=\"text-align: center;\"><a style=\"margin: 12px auto 6px auto; font-family: Helvetica,Arial,Sans-serif; font-style: normal; font-variant: normal; font-weight: normal; font-size: 14px; line-height: normal; font-size-adjust: none; font-stretch: normal; -x-system-font: none; display: block; text-decoration: underline;\" title=\"View Garnier Fr\u00e8res - Dossier. PLGO.  on Scribd\" href=\"http:\/\/www.scribd.com\/doc\/19397320\/Garnier-Freres-Dossier-PLGO-\"><strong>Garnier Fr\u00e8res &#8211; Dossier. PLGO.<\/strong> <\/a> <object id=\"doc_453973440447604\" classid=\"clsid:d27cdb6e-ae6d-11cf-96b8-444553540000\" width=\"100%\" height=\"500\" codebase=\"http:\/\/download.macromedia.com\/pub\/shockwave\/cabs\/flash\/swflash.cab#version=6,0,40,0\"><param name=\"name\" value=\"doc_453973440447604\" \/><param name=\"align\" value=\"middle\" \/><param name=\"quality\" value=\"high\" \/><param name=\"play\" value=\"true\" \/><param name=\"loop\" value=\"true\" \/><param name=\"scale\" value=\"showall\" \/><param name=\"wmode\" value=\"opaque\" \/><param name=\"devicefont\" value=\"false\" \/><param name=\"bgcolor\" value=\"#ffffff\" \/><param name=\"menu\" value=\"true\" \/><param name=\"allowFullScreen\" value=\"true\" \/><param name=\"allowScriptAccess\" value=\"always\" \/><param name=\"src\" value=\"http:\/\/d.scribd.com\/ScribdViewer.swf?document_id=19397320&amp;access_key=key-1ylhu007f2lkha72eq4k&amp;page=1&amp;version=1&amp;viewMode=\" \/><param name=\"allowfullscreen\" value=\"true\" \/><embed id=\"doc_453973440447604\" type=\"application\/x-shockwave-flash\" width=\"100%\" height=\"500\" src=\"http:\/\/d.scribd.com\/ScribdViewer.swf?document_id=19397320&amp;access_key=key-1ylhu007f2lkha72eq4k&amp;page=1&amp;version=1&amp;viewMode=\" allowscriptaccess=\"always\" allowfullscreen=\"true\" menu=\"true\" bgcolor=\"#ffffff\" devicefont=\"false\" wmode=\"opaque\" scale=\"showall\" loop=\"true\" play=\"true\" quality=\"high\" align=\"middle\" name=\"doc_453973440447604\"><\/embed><\/object><\/p>\n","protected":false},"excerpt":{"rendered":"GARNIER (Auguste et Hippolyte), dits Garnier fr\u00e8res, \u00e9diteurs fran\u00e7ais, n\u00e9s a Tourville, pr\u00e8s de Coutances, le premier en 1812, le second en 1816, vinrent \u00e0 Paris en 1828, furent quelque temps commis libraires et s\u2019\u00e9tablirent en 1833 au Palais-Royal. Bient\u00f4t acqu\u00e9reurs de divers fonds, tels que ceux de Delloye (l841),&hellip;\n","protected":false},"author":1,"featured_media":0,"parent":618,"menu_order":1,"comment_status":"closed","ping_status":"open","template":"","meta":{"footnotes":""},"class_list":["post-645","page","type-page","status-publish","hentry"],"_links":{"self":[{"href":"http:\/\/plgo.org\/index.php?rest_route=\/wp\/v2\/pages\/645","targetHints":{"allow":["GET"]}}],"collection":[{"href":"http:\/\/plgo.org\/index.php?rest_route=\/wp\/v2\/pages"}],"about":[{"href":"http:\/\/plgo.org\/index.php?rest_route=\/wp\/v2\/types\/page"}],"author":[{"embeddable":true,"href":"http:\/\/plgo.org\/index.php?rest_route=\/wp\/v2\/users\/1"}],"replies":[{"embeddable":true,"href":"http:\/\/plgo.org\/index.php?rest_route=%2Fwp%2Fv2%2Fcomments&post=645"}],"version-history":[{"count":9,"href":"http:\/\/plgo.org\/index.php?rest_route=\/wp\/v2\/pages\/645\/revisions"}],"predecessor-version":[{"id":1837,"href":"http:\/\/plgo.org\/index.php?rest_route=\/wp\/v2\/pages\/645\/revisions\/1837"}],"up":[{"embeddable":true,"href":"http:\/\/plgo.org\/index.php?rest_route=\/wp\/v2\/pages\/618"}],"wp:attachment":[{"href":"http:\/\/plgo.org\/index.php?rest_route=%2Fwp%2Fv2%2Fmedia&parent=645"}],"curies":[{"name":"wp","href":"https:\/\/api.w.org\/{rel}","templated":true}]}}